-25555.
2, 19, 269
Let a be (-48)/(-408) + 846/34. List the prime factors of -2*a/10*-47.
5, 47
Let z = -1 + 6. Suppose -4*c + 2 = -5*c, -3*c - 22 = -4*g. Suppose -z*p = g*d - 0*p - 1010, 3*d = 2*p + 746. What are the prime factors of d?
2, 5
Let p = -155 - -159. Suppose 0 = -k - j + 569, -3 - 9 = p*j. What are the prime factors of k?
2, 11, 13
List the prime factors of ((-10452)/780)/(3/(-8175)).
5, 67, 109
Let g be 4/(84/(-13405))*-3. Let a = g - 1036. What are the prime factors of a?
3, 293
Let j(k) = -k - 5. Let c(a) = -2*a - 9. Let i(m) = 3*c(m) - 5*j(m). Let f be i(-4). Suppose -2*t = 3*h - t - 27, 18 = f*h + t. What are the prime factors of h?
3
Let u = 119 + -103. Let z(s) = 53*s - 41. List the prime factors of z(u).
3, 269
Let f be (-21)/(-70) + 115/(-50). What are the prime factors of (f - (-24)/6) + 681?
683
Suppose -292878 = 87*l - 1001232. List the prime factors of l.
2, 3, 23, 59
Suppose v - 4*j - 13 = 0, 4*j + 3 = 7. List the prime factors of (v/(-17))/(1*(-3)/1020).
2, 5, 17
Suppose -2*w + 0*w = -5*t, 0 = -4*t + 2*w. Let n(c) = 13*c + 256. List the prime factors of n(t).
2
Suppose 3*a = 1271 + 1102. Suppose 18*k = -a + 2375. List the prime factors of k.
2, 11
Let b = -1 + 2. Let k be (-48587)/(-35) - b/5. What are the prime factors of 1/(4 + k/(-348))?
3, 29
Suppose 481*i - 35 = 476*i, -4*p = -i - 63989. What are the prime factors of p?
3, 5333
Let r be (-2)/8*(3 + -3). What are the prime factors of 67469/247 - (-4)/(-26) - r?
3, 7, 13
Let g(h) = -257*h + 50. List the prime factors of g(-55).
5, 2837
Let v = -335 + 338. Suppose -403 = -4*b + n, b - v*n - 78 = 20. List the prime factors of b.
101
Let l be 11169/6 + 6/(-4). Let d = l - 1249. Suppose 258 = 2*i + 5*u, -u - 3*u + d = 5*i. List the prime factors of i.
7, 17
Suppose -2*r - 2*d = -8156, 2*d - d + 16307 = 4*r. List the prime factors of r.
3, 151
Suppose -i + 514 = -4*z - 129, -i + z = -658. Let b = i + -277. List the prime factors of b.
2, 193
Let j(h) = -2*h + 5*h**3 - 13 - 5*h**2 - 2*h - 4*h**2 + 4*h**2. List the prime factors of j(7).
1429
Let i = -12 - -28. Suppose -i = -4*z - 48. List the prime factors of 194/10 + (-5)/((-100)/z).
19
Let r(b) = -160*b**3 + b**2 - 8*b - 17. Let z be r(-3). Suppose -2*j = -10*j - z. Let y = -354 - j. What are the prime factors of y?
2, 47
Let x(w) = 432*w - 606. Let s(d) = -144*d + 203. Let u(j) = -8*s(j) - 3*x(j). What are the prime factors of u(-11)?
2, 7, 127
Suppose -4*g = u - 580, -5*g + 4*u = -3*g - 272. Suppose -r - g = -d - 0*r, -2*r = -8. Suppose -d = x - 235. What are the prime factors of x?
3, 29
Suppose 4*i = -3*y - 1, -4*y - 18 = -3*i - 0. Let k be (0 + 1/i)*96/16. Suppose 0 = -u - 5*q + 59, -k*u - u + 3*q + 282 = 0. What are the prime factors of u?
3, 23
Let k be (2 + (-2 - 0))/(-3 + 2). Suppose k = h - 758 + 104. What are the prime factors of h?
2, 3, 109
Let z be 1 + 0 - (-19 + 35 + 8). Suppose -89 = -5*l + 131. Let p = l - z. List the prime factors of p.
67
Let f be (-27)/(-36) + (-3)/((-24)/34). Suppose 2*x - 100 = -2*g, 0 = -0*g + f*g - x - 274. List the prime factors of g.
2, 3
Let p = 1180 + 1269. What are the prime factors of p?
31, 79
Let z(y) = -64*y + 9. Let v(i) = -32*i + 5. Suppose 16 = 7*c - 5. Let g(l) = c*z(l) - 5*v(l). List the prime factors of g(-7).
2, 113
Suppose 55*d - 365742 = 659128. List the prime factors of d.
2, 7, 11
Suppose 81*d = 82926 + 111555. List the prime factors of d.
7
What are the prime factors of 89/(-1424) - 1306*(-133)/32?
2, 23, 59
Let y be (7 - (0 - -5)) + 9. What are the prime factors of -6*y/((-528)/5240)?
5, 131
Let k be ((-45)/6)/((7/2)/7). Let n(t) = t**2 + 15*t + 4. Let c be n(k). Suppose 0 = c*m - 170 - 122. List the prime factors of m.
73
Let p = 19 + 26. Let d = p + -15. What are the prime factors of d?
2, 3, 5
Let w(s) = -s**3 + 19*s**2 + 30*s - 38. Let a be w(18). Suppose -g = -a - 434. List the prime factors of g.
2, 3, 5, 7
Let p(l) = l**2 + 2*l - 12. Let d be p(0). What are the prime factors of ((-16)/d)/((-1519)/507 - -3)?
2, 13
Let v(m) = 4*m**2 + 4*m - 3. Let z = 17 - 16. Let y be v(z). Suppose -3*r - y*k + 185 = 0, -r + 41 + 23 = 4*k. What are the prime factors of r?
2, 3, 5
Let r(w) = 5*w**2 - 2*w - 1467. What are the prime factors of r(-34)?
13, 337
Let d = 104 + -100. Suppose 27 = -d*i - 33. Let o(m) = m**3 + 14*m**2 - 25*m - 17. What are the prime factors of o(i)?
7, 19
List the prime factors of (17483926/232 - -27) + (-3)/4.
2, 47, 401
Let b(n) = -1471*n + 7*n**2 - 3 + 1476*n - 4. List the prime factors of b(-6).
5, 43
Suppose 0 = 222*b - 243*b + 770217. List the prime factors of b.
36677
Suppose 2*r - 4*a = 3*r + 20, -4*r - 62 = -2*a. Let t be (r/10)/((-6)/15). Suppose 2*d - 2*x + 164 = t*d, -5*x = d - 94. What are the prime factors of d?
79
Let j(z) = z**3 + 51*z**2 - 85*z - 333. List the prime factors of j(-36).
3, 821
Let w(d) = 2*d**2 - 34*d - 32. Suppose -3*z + 0*z = r - 69, r = -4*z + 93. List the prime factors of w(z).
2, 19
Let g be (20 + -4 - 0) + -2. Suppose w - 13 = g. Suppose 4*j = -w + 99. List the prime factors of j.
2, 3
Suppose 0 = 13*g - 17*g + a - 23, 4*g = -2*a - 26. List the prime factors of 374 - g/12*-2.
373
Let t = -7 - -7. What are the prime factors of (-168)/(-2 - t) + -1?
83
Suppose 18*r - 5*d - 13934 = 17*r, -13962 = -r + d. What are the prime factors of r?
61, 229
Let j(z) = -55*z + 451. What are the prime factors of j(-5)?
2, 3, 11
Let j = -1237 - -3107. Let n = j + -34. Suppose -3*y - 9*y = -n. List the prime factors of y.
3, 17
Suppose 128*i - 266975 - 464161 = 0. What are the prime factors of i?
2, 3, 7, 17
Let j(m) = -m + 30. Let q be j(26). Suppose l - q*i = 19, -2*l + 5*i - i = -18. List the prime factors of -1 - (-5 + 90)/l.
2, 3, 7
Suppose -6*l - f = -5*l - 16126, 64540 = 4*l - 2*f. List the prime factors of l.
2, 37, 109
Let k(j) = 2*j**3 + 3*j**2 + j - 1. Let w = 44 + -36. Let i(q) = q**2 - 9*q + 11. Let s be i(w). What are the prime factors of k(s)?
83
Suppose -3*x + 216 = 5*x. Suppose -2*g + 7*g = -5*k - 5, -3*g + 3*k = -x. List the prime factors of ((-94)/4 - g)*(-3 - -1).
5, 11
Let t(l) = -1795*l + 1644. List the prime factors of t(-4).
2, 1103
Let u be 5 - -2*(7 - 4). List the prime factors of (12 - u) + -4 + 2*190.
13, 29
List the prime factors of 10259 - (2/(-7) + (-360)/210).
31, 331
Suppose 23*g - 25*g + 5*u + 32223 = 0, -2*u + 64410 = 4*g. What are the prime factors of g?
2, 3, 11, 61
Let y be (-1)/((2 - 3)/(3 + 285)). Let k = y - 202. List the prime factors of (15/5 - 7)*k/(-4).
2, 43
Suppose 2*f = -2*m + 65012, 4*m - 9747 = -2*f + 120263. List the prime factors of m.
3, 23, 157
Let n be 105/24 + (-54)/144. Let m(b) = 15*b**3 - 18*b**2 + 5*b - 3. What are the prime factors of m(n)?
13, 53
Suppose -4*g + 17619 = -f, -6*g + 3*f + 22029 = -g. List the prime factors of g.
2, 3, 367
Let b(g) = 347*g**2 + 46*g - 182. List the prime factors of b(-7).
7, 2357
Suppose 1911017 - 201097 = 80*c. List the prime factors of c.
2, 10687
What are the prime factors of (28/(-16) - (-2)/8)/(246/(-450344))?
2, 1373
Suppose 5*y - 455 = -0*y. Suppose 0 = 3*z + 3*z - 12. Suppose y = l + 3*r, -2*l + 3*r = z*l - 349. List the prime factors of l.
2, 11
Let m be (-6 - (-8)/1)*(-3)/(-6). Let j(u) = -1. Let t(y) = -32*y - 1. Let z(s) = 2*j(s) - t(s). List the prime factors of z(m).
31
Suppose 0 = -k + 2*k - 6. Suppose -k*x + 366 = -1446. What are the prime factors of x?
2, 151
Suppose 5*n = 5*h - 20, 0 = -5*h - 5*n - 12 - 18. What are the prime factors of -4 - (h + 3)*-154?
2, 19
Suppose 4*b = -0*b - 312. Let c = b - -135. Let m = c + -19. What are the prime factors of m?
2, 19
Suppose -8656395 = -43*v - 72*v. List the prime factors of v.
3, 11, 2281
Let o(b) = 22 - 37*b + 6 - 10 + 1 + 6. What are the prime factors of o(-17)?
2, 3, 109
Let t(z) = z**3 + 2*z**2 + z + 1. Let w be t(-4). Let r(s) = -46*s + 26. Let k be r(-15). What are the prime factors of k/14 - (-5)/w?
3, 17
Let b(w) = -1438*w**3 + 3*w**2 + 13. What are the prime factors of b(-2)?
3, 7, 61
Let p = 65 - -150. Suppose 5*h = -25 + p. Suppose 0 = -l + h + 12. What are the prime factors of l?
2, 5
Let d(k) = -10 + 1 - 10*k + 21 - 1. Let h be d(-15). Suppose -3*p + h = -373. What are the prime factors of p?
2, 89
Let j = 57 + -28. Let u = -26 + j. Suppose u*x + 6*x - 675